nits digit of (-2096)/x + (16/18)/(-4)?
8
Let f(b) = b**3 + 2*b**2 - b - 2. Let t be f(-1). Suppose -7*d + 7018 - 1054 = t. What is the tens digit of d?
5
Let f = 17669 + -7459. What is the tens digit of f?
1
Suppose -5*j - 3*w + 140984 = w, 0 = -2*j - w + 56396. What is the tens digit of j?
0
Let y(w) = w**2 - 7*w - 2. Let j be y(6). Let m(l) = -28*l - 16. Let c be m(j). Suppose -t - c = -4*q, -4*t = 4*q - 3*q - 52. What is the tens digit of q?
5
Suppose 0 = 4*t - 20, -2*t = -5*v - 4*t + 30. Suppose -4*g - 6 = -2*u, -5*g = v*u - 12 - 0. Suppose g = -2*z + 11*z - 1917. What is the hundreds digit of z?
2
Suppose -4*v + 363 = h, 4*v = 65*h - 62*h - 1073. What is the hundreds digit of h?
3
Let x(v) = 4*v**2 - v + 64. Let b = -469 - -479. What is the units digit of x(b)?
4
Let r(j) = 24577*j - 3857. What is the thousands digit of r(2)?
5
Let y(p) = 35*p**3 - p**2 + 2*p - 1. Let f be y(-2). Let x = f - -515. What is the tens digit of x?
2
What is the units digit of (17/34)/((-3)/12*(-8)/132764)?
1
Suppose -2*c + 175 = -117. Let b = c + 760. What is the tens digit of b?
0
Suppose -3*w - 4 + 13 = 0, -17 = 4*u + w. What is the hundreds digit of (5/u)/((-5)/1110)?
2
What is the tens digit of (-545 - 13993)*(-2)/4?
6
Suppose 7*w - 5*u = 9*w + 27, 5*w + 27 = u. What is the units digit of 4 + 78 + 36/w?
6
Let s(o) = -o**3 + 44*o**2 + 125*o - 114. What is the units digit of s(44)?
6
Let i = 520 + -478. Let j = 566 + i. What is the hundreds digit of j?
6
Suppose 0 = -3*z - 5*r - 4, -3*z + 0*r = -r - 8. Suppose -4*d + z*d = 3*o - 916, -o = 0. What is the hundreds digit of d?
4
Let q(m) be the first derivative of -163*m**2/2 - 2*m + 71. What is the hundreds digit of q(-1)?
1
Let r = -72 - -78. Suppose 2*q - 4*i - 126 = 0, -3*i + 123 = 2*q - r*i. What is the units digit of q?
7
Let p(h) = 95*h. Let q be p(2). Let n be ((-3)/(-5))/(2/q). Suppose -2*w + 117 + n = 0. What is the tens digit of w?
8
Let z(k) = 13*k - 14. Let x(u) = -88*u - 11 - 24 + 90*u + 1. Let y be x(22). What is the tens digit of z(y)?
1
Let u(t) = 4*t - 101. Let j be u(22). Let h(r) = -4*r**3 - 49*r**2 + r - 6. What is the tens digit of h(j)?
8
Let m = 211 + -175. Let d(g) = 11*g**2 + g - 1. Let b be d(2). What is the tens digit of m/b*490/4?
9
Suppose -5 + 13 = -4*g. Let k be (-245 - -8) + (g - 1). What is the units digit of (14/5)/((-16)/k)?
2
Suppose 0 = 3*u + 31 - 28, 0 = -3*v - u + 232286. What is the ten thousands digit of v?
7
Let f(y) = -2*y**3 - y**2 - 6*y + 7. Let l be f(2). Let g be l/(-6) + 2 + (-52)/24. What is the hundreds digit of 2/g - (-1149)/6?
1
Let s = -191 - -199. Suppose -4*l = -j - 3*j - 1504, -5*j + 388 = l. Suppose 0 = -s*h + 6*h + l. What is the units digit of h?
9
Let n = 51212 - 26272. What is the hundreds digit of n?
9
Let u(s) = s**2 + 10*s + 23. Let f be u(-10). Suppose -2*m = 5*g - 1003, 2*m - 998 = f*g - 27*g. What is the units digit of m?
9
Suppose -35*h + 59*h - 1211300 = -76*h. What is the hundreds digit of h?
1
Let h(y) = 13*y**3 - 34*y**2 + 55*y + 41. Let o(g) = 11*g**3 - 34*g**2 + 53*g + 41. Let k(q) = -6*h(q) + 7*o(q). What is the hundreds digit of k(-36)?
1
Let n(c) = 3002*c + 386. What is the ten thousands digit of n(20)?
6
Suppose -38965 = 1668*w - 1673*w. What is the thousands digit of w?
7
Let u(j) = -2*j + 8. Let o be u(4). Let s be (o - 2)/((-10)/15). Suppose 0 = -3*v + 2*d + 325 + 247, -179 = -v + s*d. What is the tens digit of v?
9
Let y be 10*(0 - -1)*(-1 + 2). What is the units digit of 34152/120 + (-6)/y?
4
Let g(n) = -2*n - 39. Let b(i) = i + 20. Let s(h) = 5*b(h) + 3*g(h). Let c be s(-18). What is the units digit of 90 - (0/2 - c)?
1
What is the tens digit of 4/42*6 - 12473*(-16)/28?
2
What is the tens digit of 2/2*-2*(-4)/(56/79247)?
2
Let i be 4520/(-5)*(-2)/4*-4. Let b = -1282 - i. Suppose -4*t + b = 5*g - 6*t, g + 5*t = 89. What is the units digit of g?
4
Suppose -2*f = -2*a, 0 = 13*a - 12*a - 2*f + 2. Suppose 0 = -v + a*v - l - 895, 3*v - 2681 = 5*l. What is the units digit of v?
7
What is the hundreds digit of (17 - 39 - -26)*(-7119)/(-4)?
1
Let d be (3 + -1 - 0) + -53. Suppose 0 = 2*y + 4*g, 4*g + 16 = -5*y - 8. What is the units digit of d/(-12) - 6/y?
5
Let z(q) = -q**3 - 16*q**2 + 5*q + 30. Let v be z(-17). Let a = v - -56. What is the tens digit of a?
9
Let h(s) = 5668*s**2 + 110*s - 37. What is the thousands digit of h(3)?
1
Let b(q) = -3832*q**3. Let y = -63 + 62. Let m be b(y). What is the tens digit of 2/5 + (m/20 - -4)?
9
Suppose 7*a - 4*x + 1782 = 5*a, -5*x = -3*a - 2668. Let q = -398 - a. What is the units digit of q?
3
Let r(t) = -18*t**3 - 3*t**2 - 16*t - 23. What is the hundreds digit of r(-3)?
4
What is the tens digit of ((3/1)/(5/(7639 - 4)))/1?
8
Let h = -485 + 489. Let v(n) = 92*n**2 + 53*n - 7. What is the thousands digit of v(h)?
1
Suppose 18*d + w = 19*d - 10743, -2*w = 2*d - 21486. What is the tens digit of d?
4
What is the units digit of (51816 + -2 - -40)/(1 + 1)?
7
Suppose -5*s + 16*s = -7*s. Suppose 16 = 4*y - s*y, -4*k - 2*y + 2520 = 0. What is the tens digit of k?
2
Suppose -2*u = 4*y - 4, 3*u + 6*y - 7*y + 1 = 0. Let d(o) = -25*o + 325. What is the hundreds digit of d(u)?
3
Suppose -g = -5*v + 16719, 29*v - 32*v + 10037 = 5*g. What is the tens digit of v?
4
Let i(b) = -2*b**3 + 19*b + 4. Let q be i(-3). Let a(s) be the second derivative of 22*s**5/5 + s**4/6 - s**3/3 + s**2/2 - 9*s. What is the tens digit of a(q)?
8
Let g(k) = 652*k**2 - 653*k**2 - k**3 - 3*k - 4*k - 11 - 3*k - k. What is the tens digit of g(-6)?
3
Let n(r) = r**3 + 14*r**2 + 10*r + 51. Let j(t) = 2*t - 44. Let o be j(16). What is the units digit of n(o)?
9
Let b be (-8)/56 + (-6)/7 + 588. Suppose 4*d - b = r, 3*r = -5*d + 9*d - 585. What is the hundreds digit of d?
1
Let r be 10492/1376 - 10/16. Let w(h) be the second derivative of h**5/10 - h**4 + h**3/2 - 2*h**2 + 2*h. What is the hundreds digit of w(r)?
1
Let r = -77 + 87. Suppose 17 = -3*l + 3*c - 1, r = -2*c. What is the tens digit of 834/4 + l/(-22)?
0
Suppose 3*o + 329 = 5*m, -5*m = 4*o - o - 341. Suppose 2*i - m = -3*r, -109 + 8 = -3*i - 4*r. What is the units digit of 3/(-3 + 110/i)?
1
Let c(d) = d**3 + 29*d**2 - 64*d - 60. Let w be c(-31). Suppose 0 = -b - 3 + 1, 3*k = w*b + 1132. What is the units digit of k?
6
Let m = 5367 - -1292. What is the units digit of m?
9
What is the units digit of (0 - -6933) + 381 + -398?
6
Let z(w) = -w**3 - 2*w**2 + 4*w + 3. Let g be z(-3). Suppose g = -5*x + 2*x + 9. Suppose -5*v = 5*n - 530, 2*n = -x*n + 4*v + 521. What is the tens digit of n?
0
Let y(q) = q**3 - 19*q**2 - 17*q + 2. Suppose -133*d + 128*d - 250 = 0. Let w = -30 - d. What is the tens digit of y(w)?
6
Suppose -n = 0, -163 + 31 = -3*a + 3*n. Suppose -a*u + 40*u = -1256. What is the tens digit of u?
1
Let q = -218 + 281. What is the tens digit of 5022/q - 2/(-7)?
8
Suppose 60 - 6 = 18*w. What is the hundreds digit of (-9912)/(-36) - 4/w?
2
Let q(k) = 2*k**2 + 14. Let c be q(-7). Suppose 0 = 3*z - 7*z + c. Suppose 2466 = z*l - 19*l. What is the hundreds digit of l?
2
Let n(v) be the first derivative of -13/2*v**2 - 7 + v**3 + 4*v. What is the tens digit of n(5)?
1
Suppose 0 = -5*y - 2*r - 10, 3*y - r = 2*y + 5. Let f = y + 56. Let q = 122 - f. What is the units digit of q?
6
Let r(c) = c**2 + 11*c + 13. Let p be r(-10). Suppose 0 = -p*l + 5*t + 109 + 837, -1525 = -5*l - 2*t. What is the hundreds digit of l?
3
Let h(j) = 4*j**2 + 23*j + 8. Let y be h(-6). Let p(i) = i**3 - 12*i**2 - 6*i - 132. What is the units digit of p(y)?
6
Suppose -23*z = -34672 + 2242. What is the hundreds digit of z?
4
Let l be 0/(4/(-8)*4). Suppose l*z - 852 = -3*z. What is the hundreds digit of z?
2
Let g(l) = 802*l**3 - l**2 + l - 1. Let u be g(1). Suppose -u + 3201 = 5*j. Suppose 0 = -14*s + 19*s - j. What is the tens digit of s?
9
Suppose h = -4*x + 1099 + 153, -x + 3811 = 3*h. Suppose 16*v + h = 20*v. What is the tens digit of v?
1
Let f(j) = 30*j + 70. Suppose 4*w - 13 = 15. What is the tens digit of f(w)?
8
Let n be (-4*1/(-3))/((-1)/(-873)). Suppose -36 = 3*w - n. Suppose w = 3*l + 5*d, 3*l + 77 = -4*d + 457. What is the units digit of l?
2
Let t = -15929 - -48515. What is the ten thousands digit of t?
3
Let a = 569 - 560. Suppose 5*l = l + 12, 3*k = 4*l + 105. Let j = k - a. What is the tens digi